 -12))?
9
Let k = -7 - -9. Suppose k*r + 2 = 22. What is the tens digit of 196/10 + r/25?
2
Let v(u) = -u**2 + 13. Suppose -5*y + 2*f - 20 = -3*f, f = 5*y + 4. Suppose 4*l - l = y. What is the tens digit of v(l)?
1
Suppose -6*l = -2*l - 12. Suppose -l*x + 44 = x. What is the units digit of x?
1
Let k(d) = -d + 15. Let o(f) = f. Let w be o(-7). What is the units digit of k(w)?
2
Let g = 17 - 17. Suppose 5*u - d = 11, d = -1 - g. What is the units digit of u?
2
Suppose -4*y = -7*y - 24. Let j(g) = -6*g - 9. What is the tens digit of j(y)?
3
Let o = 79 - 61. What is the units digit of o?
8
Let y be 6/(-24) - (-3)/(-4). What is the units digit of (-1)/(y*4/28)?
7
What is the tens digit of (-229)/(-3) - (-2)/(-6)?
7
What is the hundreds digit of 13 + -8 + 160/1?
1
Suppose t + 4*o - 88 = -3*t, o = t - 18. What is the units digit of t?
0
Suppose 27 + 22 = h. What is the units digit of h?
9
Suppose s - 158 = 18. What is the hundreds digit of s?
1
Suppose 0*g = 4*g + 12. Let l = 5 + g. Let x = l - -1. What is the units digit of x?
3
Let p(j) = 10*j - 4*j + 2*j**2 - 3*j**2 + 2*j**2 + 4. What is the units digit of p(-7)?
1
Let k(p) = -p - 6. Let c(d) = -1. Let w(a) = 2*c(a) - k(a). What is the units digit of w(13)?
7
Let t(a) = -a**2 - 5*a - 4 + 2 + 1. Let i be t(-4). Suppose 4*k - 2*p - 8 = 0, 15 = -k + 4*k + i*p. What is the units digit of k?
3
Let m = 3 + -13. Let b(j) = -2*j - 3. What is the tens digit of b(m)?
1
Suppose -3*j + 144 = 3*j. What is the units digit of j?
4
Let l = 3 + -1. Suppose -24 = -2*c - c - 4*n, -5*c - 3*n + 29 = 0. Suppose 1 = -l*g + c*k - 11, 4*g = -k + 12. What is the units digit of g?
2
Let k = 126 - 96. What is the units digit of k?
0
Let l = 89 + -53. What is the tens digit of l?
3
Suppose -4*u + 2*u = 4*b - 130, -4*u + 164 = 5*b. Suppose b + 4 = 4*p. What is the units digit of p?
9
Suppose 0*x + 3*x - 45 = 0. Suppose -2*a - a - 3*m + x = 0, -a - 4 = -2*m. Suppose 5*q + 0*q - 21 = -j, -q = -a. What is the tens digit of j?
1
Let q = -4 + 7. What is the units digit of q?
3
Suppose -16 = -4*y, -2*y = 2*z + 3*z - 108. What is the units digit of z?
0
Let s(j) = -j**2. Let p be s(-1). Let l be (0 - p) + -1 + 2. Suppose -c - 5*b = 3, -l*c - 3*b + 1 = -c. What is the units digit of c?
7
Suppose m - 21 = -1. Let t be (m/6)/((-2)/(-3)). Suppose t*k - 21 = 2*k. What is the units digit of k?
7
Let u = -10 + 40. What is the units digit of u?
0
Suppose 38*h - 37*h - 60 = 0. What is the tens digit of h?
6
Suppose r - 2*c - 6 = 0, -2*r - 1 - 7 = c. Let q(i) = i**2 - 7*i - 2. Let l be q(6). What is the units digit of 0 + r + l/(-2)?
2
Let y = 26 - -10. Suppose 3*x - y = -x. What is the units digit of x?
9
Let i(z) be the third derivative of z**4/12 + z**3/6 + z**2. Let a(o) = o + 1. Let d(m) = -5*a(m) + 3*i(m). What is the units digit of d(5)?
3
Let c(g) be the second derivative of g**5/20 - g**4/3 - 5*g**3/6 + 2*g. Let x be c(5). Let d(l) = l**3 + l + 9. What is the units digit of d(x)?
9
Let x(l) = 7*l**2 - 6*l - 1. What is the units digit of x(3)?
4
Let v(z) = -15*z - 5. What is the units digit of v(-2)?
5
Let c be 18/4 + (-2)/4. Let u = 6 - c. What is the units digit of (-1 - 0)*(u + -3)?
1
Let i = -350 - -596. What is the units digit of i?
6
Let t(j) = j**3 - 6*j**2 - 1. Let l be t(6). What is the tens digit of 5*(21/15 - l)?
1
Suppose 0*g + 3*a - 20 = -4*g, 2*g - 12 = -2*a. Let v be 21/49 + (-22)/(-14). Suppose -g*i = v - 10. What is the units digit of i?
4
Let t be (1 + (-2)/8)*12. What is the units digit of (-2)/(4/t)*-2?
9
Let y = 2 - -35. What is the tens digit of y?
3
Suppose 0*f - 1135 = -5*u - 2*f, -u - 5*f + 227 = 0. What is the hundreds digit of u?
2
Let h(r) = r**2 - 3*r + 3. Suppose -1 = -m + 2. What is the units digit of h(m)?
3
Suppose -4*i - 17 = -53. Let q(s) = s**3 - 10*s**2 + 13*s - 3. Let y be q(i). Let m = y - 21. What is the tens digit of m?
1
Let s = -21 - -33. Let g = 21 - s. What is the units digit of g?
9
Let h(x) = 1. Let i(u) = -2*u**2 - 5*u - 8. Let v(z) = -6*h(z) - i(z). What is the units digit of v(-3)?
5
Suppose 0 = 5*f + i + i - 744, -4*i + 304 = 2*f. What is the units digit of f?
8
Let i(d) = -7*d - 2. Let x(q) = 1 + q + 2*q - 4*q. Let y(j) = i(j) - 2*x(j). What is the units digit of y(-4)?
6
Suppose 62 = -5*i + 517. What is the units digit of i?
1
Let z be (32/3)/(5/(-60)). Let g = 188 + z. Suppose 0 = 4*j + j - g. What is the tens digit of j?
1
Suppose -4*o = -5*o + 49. What is the units digit of o?
9
Suppose 0 = -3*a - g - 41, -11 = a + g + 6. What is the units digit of 2/6 + (-560)/a?
7
Suppose 2*l - 7*l + 180 = 0. Suppose -24 = -5*s + l. What is the units digit of s?
2
Let a be (-2)/12*-10*-3. Let s = -3 - a. Suppose s*g + 2 = 4*g. What is the units digit of g?
1
Let b = 15 - -21. What is the tens digit of b?
3
Suppose -15 = -5*t + 2*t. Suppose -j - 3*m + 2 = 9, -9 = 3*j + t*m. What is the units digit of j?
2
Let i = -39 - -41. Let h be (-6)/((-29)/(-16) - 2). Suppose -i*o + h = -0*o. What is the units digit of o?
6
Let h(m) = -m**3 - m**2 - 5*m + 89. What is the tens digit of h(0)?
8
Suppose -3*i - 20 = 2*i, -2*s = 5*i + 18. What is the units digit of 3 - (s - (2 - -1))?
5
Let b be 5/(2*(-4)/(-8)). Suppose -36 = 4*p + b*o - 123, 2*o - 78 = -4*p. What is the tens digit of p?
1
Let c be 4 + 0 - (3 + -3). Suppose w + 23 + c = 4*n, 44 = 3*n + 4*w. What is the units digit of n?
8
Suppose -5 = -4*l + 5*y + 20, 4*l = -2*y + 46. Let f = l - -10. What is the units digit of f?
0
Suppose 5*a - 230 = 5*q, 2*a + 2*q = 85 - 9. What is the units digit of a?
2
Suppose 60 = -8*d + 3*d + 3*m, 4*d - 3*m + 51 = 0. Let k = d + 15. Let w(n) = -n**3 + 6*n**2 + 4. What is the units digit of w(k)?
4
What is the tens digit of 1/((-3)/23)*(-24)/2?
9
Let z(r) = r**2 + 3*r - 6. Let u be z(-5). Suppose -f + 80 = u*f. What is the units digit of ((-18)/(-12))/(6/f)?
4
Suppose -25 = -5*h, -1 = 5*w - 3*h + 4. Let u(r) = 1 + w + r - 2. What is the units digit of u(0)?
1
Let a(z) = 2*z - 6. Let y be a(11). Let i(o) = -o**3 + 2*o**2 + o - 4. Let r be i(3). Let f = r + y. What is the units digit of f?
6
Suppose 0 = -y - 5*i - 11 - 24, 3*i + 35 = -2*y. Let c = 1 - y. What is the units digit of c?
1
Suppose -2*o - q = 30, -5*o - 11 = -4*q + 64. Let m(b) = -2*b**2 + 12*b - 26. Let x be m(6). Let f = o - x. What is the tens digit of f?
1
Let d(y) = y**2 + 1. What is the units digit of d(-7)?
0
Let k be (40/6)/((-1)/24). Let j = k - -113. Let l = -27 - j. What is the tens digit of l?
2
Let j be (-1)/(-4) + 17/(-4). Suppose 0 = r + 4*r - 35. Let q = r + j. What is the units digit of q?
3
Let r be 180/(-8)*(-4)/6. Let f = 39 - r. What is the units digit of f?
4
Let f be ((-44)/10)/((-3)/90). Suppose -q - 2*q = -f. What is the tens digit of q?
4
Let a = -15 + 22. What is the units digit of a?
7
Let l(s) = 11*s**2 - s + 3. What is the tens digit of l(2)?
4
Let q be -14*(1 + (-19)/7). What is the units digit of (q/9)/(4/30)?
0
Suppose 3*i = 8*i - 580. What is the units digit of (-3)/9 - i/(-6)?
9
Let f(i) = -3*i**2. Let g be f(-1). What is the units digit of (-4 - -5)/(g/(-24))?
8
Suppose 0 = -2*g + 44 + 40. What is the units digit of (6/(-18))/((-2)/g)?
7
Let s(i) be the second derivative of i**5/20 + i**4/6 - 5*i**3/6 - i**2 + 2*i. Let a be s(-5). What is the units digit of a/(-6) + 2/(-3)?
8
Let y(d) = d + 14. Let a be y(-6). Suppose -a*g = -4*g - 28. What is the units digit of g?
7
Suppose -4*j = -0*j - 128. What is the units digit of j?
2
Suppose -4*o - 19 = -171. What is the units digit of o?
8
Let z be (3 + -2)/(5/15). Suppose 3*v + 22 = 3*q + 2*v, -5*q = z*v - 60. What is the units digit of q?
9
Let q(m) = -m**3 - 3*m**2 + 6*m + 3. What is the tens digit of q(-5)?
2
Let r(v) be the first derivative of 2*v**4 - 1. What is the units digit of r(1)?
8
Suppose 4*z - 2 - 2 = 0. What is the tens digit of (z + 3 + -3)*13?
1
Suppose -3*h - 3 = 0, -5*n = -n - 5*h - 49. What is the tens digit of n?
1
Suppose 3*s - 2 = 5*s. Let f = s + 4. Suppose 4*q - f*a = 30, -4*a - 19 - 7 = -3*q. What is the units digit of q?
6
Let m(d) = -d**3 + 13*d**2 - 12*d + 9. Let q be m(12). Let o = q - -11. What is the tens digit of o?
2
Let p = -28 + 15. Let u = 5 - p. What is the units digit of u?
8
Let r be 2 - -11*2/2. Let j = r + -7. What is the units digit of 